w is divided by d.
3
Suppose -2*q - 5*l = 2*q - 5, -2*l = -5*q + 31. What is the remainder when 12 is divided by q?
2
Let f(g) = -4*g + 9. What is the remainder when 97 is divided by f(-6)?
31
Suppose 5*i + 0*i = 2*c + 3, 0 = c - 2*i. Let o(j) = -2*j**3 + 12*j**2 + j - 4. What is the remainder when c is divided by o(6)?
0
Suppose -8*t + 12*t - 328 = 0. Suppose -t = -3*d + 44. Calculate the remainder when d is divided by 11.
9
Let z = -8 + -9. Let d(s) = 2*s + 4. Let k(c) = -5*c - 11. Let o(p) = z*d(p) - 6*k(p). Calculate the remainder when o(-3) is divided by 6.
4
Suppose 0 = p + g + 1, 3*g + 9 - 4 = -2*p. Suppose 4*x - 36 = p*h - 5*h, x - 4*h = 28. What is the remainder when 34 is divided by x?
10
Let o = 36 - 24. What is the remainder when 454/10 - 3/(-5) is divided by o?
10
Let i = -29 + 74. What is the remainder when (-154)/(-2) - 2*-1 is divided by (-2)/(-9) - (-1205)/i?
25
Suppose -y - 3*c + 16 = 1, 3*c - 3 = 0. Calculate the remainder when 33 is divided by y.
9
Let c(a) = -8*a - 14. Calculate the remainder when c(-5) is divided by 14.
12
Let m(a) = a**3 + 8*a**2 + 4*a - 14. What is the remainder when m(-6) is divided by 20?
14
Suppose 0 = 2*u - 3*u + 49. Let s = u + -35. Let m = 5 + 0. Calculate the remainder when s is divided by m.
4
Let i be 4/(-14) - (-40)/(-7). Let o = -4 - i. Suppose 0 = b - 0*b - 3. What is the remainder when b is divided by o?
1
Suppose 0 = -6*x + 2*x + 8. Suppose 8*t - 3*o = 5*t + 12, 2*t = -2*o + 20. What is the remainder when t is divided by x?
1
Suppose -5*g + 13 = -2. Suppose -x = -6 - 5. Calculate the remainder when x is divided by g.
2
Suppose -5*m - 4*n = -119, -3*n + 29 + 67 = 4*m. Suppose -i - i + 212 = 0. Calculate the remainder when i is divided by m.
25
Suppose -7*r - 4*r = -1122. Calculate the remainder when r is divided by 13.
11
Suppose p = -37 + 110. Calculate the remainder when p is divided by 19.
16
Suppose -102 = 4*p - 7*p. Let q(y) = y**3 + 5*y**2 - 3*y + 3. What is the remainder when p is divided by q(-5)?
16
Let n(u) = -u**2 - 12*u - 12. What is the remainder when n(-8) is divided by 7?
6
Suppose -4*b = -4*u + 4, -5*b - 2 + 9 = -u. Suppose 4*j - u*j - 6 = 0. Calculate the remainder when 11 is divided by j.
5
Let f = -72 - -117. Calculate the remainder when f is divided by (19 - 27)*3/(-2).
9
Let d = -123 + 155. Calculate the remainder when 91 is divided by d.
27
Suppose -4*k + 1384 = 4*k. What is the remainder when k is divided by 25?
23
Suppose 2*o + 11 = 3*o. What is the remainder when 41 is divided by o?
8
Suppose 0*c = 2*c - 92. Calculate the remainder when c is divided by 12.
10
Let v = -202 + 205. Calculate the remainder when 11 is divided by v.
2
Let m(n) = -n**2 + n + 38. What is the remainder when 151 is divided by m(0)?
37
Let v be 4/(-10) - (-124)/10. Suppose a - v = 1. Suppose 200 = -6*f + 14*f. What is the remainder when f is divided by a?
12
What is the remainder when 2 is divided by -7*(90/(-21) - -4)?
0
Suppose -v = -3*v + 16. Calculate the remainder when 13 is divided by v.
5
Let p(u) = 3*u - 2. Let a(i) = i + 5. Let n be a(0). Let x be p(n). Suppose 0 = 3*r + 1 - x, 0 = -3*o - 2*r + 56. What is the remainder when 46 is divided by o?
14
Suppose -3*a = h - 67, 4*a + 2 = 18. Let m = h - 39. What is the remainder when 23 is divided by (m/6)/((-5)/(-15))?
7
Let m(y) = y. Let j(z) = -z - 4. Let a be j(-7). Let d be m(a). Let i(g) = 8*g - 1. Calculate the remainder when i(d) is divided by 8.
7
Let i be -5*((-12)/5 - -2). Let c = 4 - i. Suppose -2*u - c*u + 52 = 0. What is the remainder when u is divided by 5?
3
Let z = 7 - 5. Let a = 2 - z. Suppose a = -2*w - h + 37, w - 5*h - 31 = -w. What is the remainder when 34 is divided by w?
16
Let a = 3 - 35. Suppose -57 = p - 0*p. Let c = a - p. What is the remainder when c is divided by 9?
7
Let l = 74 + -20. What is the remainder when l is divided by 11?
10
Let p(l) = -7*l**2 + 8 + l**3 - 2*l**3 + 0*l + 0 - 6*l. Suppose q - 6 = 2*q. Calculate the remainder when p(q) is divided by 5.
3
Suppose 0 = 5*k - 226 - 434. Suppose 0*a = 3*a - k. What is the remainder when a is divided by 15?
14
Let p be 0*(-3)/(5 + -2). Let m(s) = s + 1. What is the remainder when 1 is divided by m(p)?
0
Let x be (1 - 2)/(3/(-69)). Let n = x + -10. Suppose 2*m + 2 = 12. Calculate the remainder when n is divided by m.
3
Suppose 0 = 4*d - 8 - 8. Suppose -2*f = -5*m + 99, -m + d*f = 2*m - 51. Calculate the remainder when 62 is divided by m.
20
Let c be 34 + (0 - 6)/(-2). Let w = -6 + c. Calculate the remainder when w is divided by 17.
14
Let z = 68 - 53. What is the remainder when z is divided by 9?
6
Suppose 3*h = -3*n + 6, -7 = -6*n + 4*n + h. Suppose 0 = o + 4*q - 16, -o + 0*q + n*q = -2. Calculate the remainder when 21 is divided by o.
5
Let t(o) be the third derivative of 0 + 1/24*o**4 - 1/12*o**5 - 1/120*o**6 + 0*o - 7/6*o**3 + 2*o**2. Calculate the remainder when 67 is divided by t(-6).
21
Suppose 4*z - 5*d = -z + 600, 5*z - 4*d = 595. Suppose 4*o - 96 = -3*m + 8*m, -5*m = -5*o + z. Let b = -64 - -118. What is the remainder when b is divided by o?
16
Let n(s) = -5*s - 6. Suppose -o = -20 - 6. Calculate the remainder when n(-11) is divided by o.
23
Suppose 0 = 3*n - 12, 0 = 4*z + 3*n - 17 - 3. What is the remainder when 83 is divided by (z + 0 - 3)*-21?
20
Suppose t - 132 = -3*t. Suppose -t = -2*b - b. What is the remainder when 31 is divided by b?
9
Suppose 3*w = -v + 4*w + 21, 2*v - 54 = -w. Calculate the remainder when v is divided by (-2)/(-6) - (-82)/6.
11
Suppose -v + 40 = 4*v. Suppose 0*t = -5*t + 190. Suppose b + 15 = t. Calculate the remainder when b is divided by v.
7
Suppose 5*r = -b - 3*b - 339, -5*b + 20 = 0. Let y = -43 - r. What is the remainder when y is divided by 16?
12
Let n = 62 - 44. What is the remainder when 61 is divided by n?
7
Let p be (-8)/12 - (-564)/9. Let z = p + -43. What is the remainder when 54 is divided by z?
16
Suppose 11*g - 6*g = 370. What is the remainder when g is divided by 38?
36
Let o(c) = -c**3 + 3*c**2 - 5*c - 4. Let j = -1 + -2. Calculate the remainder when o(j) is divided by 17.
14
Suppose 4*v = 2*v. Suppose v = -8*n + 3*n + 145. Suppose 0 = -3*f + n + 31. Calculate the remainder when f is divided by 7.
6
Suppose -3*p - 5*q = -2*p - 28, 5*q = -4*p + 97. Let k = 38 + -26. Calculate the remainder when p is divided by k.
11
Let x be (-1)/(-2)*20/5. Suppose x*q = -0 + 38. What is the remainder when q is divided by 11?
8
Suppose i + 0 - 4 = 0. Suppose -i*k + l + 155 = 0, k - 3*l = -k + 65. Suppose -k = y - 2*y. Calculate the remainder when y is divided by 14.
12
Suppose 4*w = 5*k - 9, w = k - 4 + 2. Let p be (w + 2)*0/(-3). Suppose 5*x - 185 = -p*x. Calculate the remainder when x is divided by 13.
11
Suppose 28 = 2*o - 0*o. Suppose 0 = 4*x + c - 1 - 11, 16 = 2*x + 3*c. Let m(p) = 3*p**3 + p**2 - 2. Calculate the remainder when m(x) is divided by o.
12
Suppose 20 = 5*g, -4*w = -w - 2*g + 11. Suppose -o = 3*a - 5 - 33, -4*o = 4. Calculate the remainder when (-1)/(38/(-37) - w) is divided by a.
11
What is the remainder when 93 is divided by (-36)/(-1 - 0)*(-6)/(-9)?
21
Let j(y) = y**2 - 4*y - 1. Calculate the remainder when 37 is divided by j(-3).
17
Suppose 3*j + 2*j - 520 = 0. What is the remainder when 19 is divided by j/10 - (-2)/(-5)?
9
Let w(l) = l + 8. Let r = 3 + -7. Calculate the remainder when 32/3 - (-2)/6 is divided by w(r).
3
Suppose 3*j - 6*n = -n, -5*j = 5*n. Suppose g + j = 6. Let y(x) = x**2 + 13*x + 10. Calculate the remainder when y(-13) is divided by g.
4
Let d be 13 - (-3)/(-2 - 1). Let y = d - -17. Suppose 0 = 2*m - y - 9. What is the remainder when m is divided by 7?
5
Let w(c) = c + 13. Let x be (0 + -1 + -9)/1. Let h be w(x). Suppose 2*b - 2*u = 20, h*u - 23 - 24 = -4*b. Calculate the remainder when b is divided by 6.
5
Let i = -7 - -7. Suppose 4*b + f = -8 + 33, i = -4*b + 3*f + 5. Let u(p) = -4*p**3 - p**2 + p + 1. Calculate the remainder when b is divided by u(-1).
2
Let o(s) = 2 + 2 + 0*s**2 + s**2. Let u be (-2 - -2)/(0 - 2). Calculate the remainder when 11 is divided by o(u).
3
Calculate the remainder when 24 is divided by (8/20)/((-4)/(-140)).
10
Suppose -5*l + 7 = 2*i, 0*i - 20 = -4*l + 2*i. Suppose 2*x = l*x. Suppose x = -2*a - 5*j + 39, 2*j = -2 + 12. What is the remainder when 20 